{"id":538,"date":"2021-01-22T19:01:17","date_gmt":"2021-01-22T18:01:17","guid":{"rendered":"https:\/\/www.medianus.at\/bibel\/?page_id=538"},"modified":"2021-02-03T12:33:00","modified_gmt":"2021-02-03T11:33:00","slug":"epheser","status":"publish","type":"page","link":"https:\/\/www.medianus.at\/bibel\/neues-testament\/epheser\/","title":{"rendered":"Epheser"},"content":{"rendered":"\n<div class=\"wp-block-image\"><figure class=\"alignleft size-large is-resized\"><a href=\"https:\/\/de.wikipedia.org\/wiki\/Ephesos\" target=\"_blank\" rel=\"noreferrer noopener\"><img loading=\"lazy\" decoding=\"async\" src=\"https:\/\/upload.wikimedia.org\/wikipedia\/commons\/6\/6e\/Ephesos2.jpg\" alt=\"\" width=\"417\" height=\"313\"\/><\/a><figcaption>Quelle: Wikipedia<\/figcaption><\/figure><\/div>\n\n\n\n<p><strong>Ephesos<\/strong> (altgriechisch \u1f1c\u03c6\u03b5\u03c3\u03bf\u03c2, hethitisch vermutlich <em>Apa\u0161a<\/em>, lateinisch <em>Ephesus<\/em>), in der Landschaft Ionien gelegen, war im Altertum eine der \u00e4ltesten, gr\u00f6\u00dften und bedeutendsten St\u00e4dte Kleinasiens und beherbergte mit dem Tempel der Artemis (Artemision) eines der Sieben Weltwunder. In der Antike lag die Stadt direkt am Meer; durch Sedimentation sowie klimatische und seismische  Ver\u00e4nderungen verschob sich die K\u00fcstenlinie im Laufe der Zeit nach  Westen, so dass sich die Reste der Stadt heute mehrere Kilometer  landeinw\u00e4rts befinden.<\/p>\n\n\n\n<p> Der <strong><a href=\"https:\/\/de.wikipedia.org\/wiki\/Brief_des_Paulus_an_die_Epheser\" target=\"_blank\" rel=\"noreferrer noopener\" aria-label=\"Brief des Paulus an die Epheser (\u00f6ffnet in neuem Tab)\">Brief des Paulus an die Epheser<\/a><\/strong> (kurz <strong>Epheserbrief<\/strong>, Abk\u00fcrzung <strong>Eph<\/strong>) ist ein Buch des Neuen Testaments, des zweiten Teils der christlichen Bibel.  In der deutschsprachigen Exegese hat sich seit Mitte des 20.  Jahrhunderts ein weitgehender Konsens herausgebildet, wonach der  Epheserbrief nicht zu den sieben authentischen Paulusbriefen geh\u00f6rt, sondern das Werk eines Paulussch\u00fclers ist.  <\/p>\n\n\n\n<h4 class=\"wp-block-heading\">Eph 1, 18<\/h4>\n\n\n\n<blockquote class=\"wp-block-quote is-layout-flow wp-block-quote-is-layout-flow\"><p>erleuchtete Augen des Herzens, damit ihr wisst, welches die Hoffnung seiner Berufung und welches der Reichtum der Herrlichkeit seines Erbes in den Heiligen sei,<\/p><cite>medianus 2019<\/cite><\/blockquote>\n\n\n\n<p>\u00c4nderung:<br>erleuchtete Augen <strong>eures Verst\u00e4ndnisses<\/strong>, damit ihr wisst, welches die Hoffnung seiner Berufung und welches der Reichtum der Herrlichkeit seines Erbes in den Heiligen sei,<\/p>\n\n\n\n<h4 class=\"wp-block-heading\">Eph 3, 9<\/h4>\n\n\n\n<blockquote class=\"wp-block-quote is-layout-flow wp-block-quote-is-layout-flow\"><p>und alle zu erleuchten dar\u00fcber, was die Haushaltung des Geheimnisses sei, das von den Ewigkeiten her in dem Gott Jahuwah verborgen war, der alles erschaffen hat,<\/p><cite>medianus 2019<\/cite><\/blockquote>\n\n\n\n<p>\u00c4nderung:<br>und alle zu erleuchten dar\u00fcber, <strong>welches die Gemeinschaft ist<\/strong>, die als Geheimnis von den Ewigkeiten her in dem Gott Jahuwah verborgen war, der alles erschaffen hat <strong>durch den Maschiach Jahuschuah<\/strong>,<\/p>\n\n\n\n<h4 class=\"wp-block-heading\">Eph 4, 6<\/h4>\n\n\n\n<blockquote class=\"wp-block-quote is-layout-flow wp-block-quote-is-layout-flow\"><p>ein Gott und Vater aller, \u00fcber allen, durch alle und in allen.  <\/p><cite>medianus 2019<\/cite><\/blockquote>\n\n\n\n<p>\u00c4nderung:<br>ein Gott und Vater aller, \u00fcber allen, durch alle und in <strong>euch<\/strong> allen.<\/p>\n\n\n\n<h4 class=\"wp-block-heading\">  Eph 5, 9<\/h4>\n\n\n\n<blockquote class=\"wp-block-quote is-layout-flow wp-block-quote-is-layout-flow\"><p>Die Frucht des Lichtes besteht n\u00e4mlich in aller G\u00fcte und Gerechtigkeit und Wahrheit.<\/p><cite>medianus 2019<\/cite><\/blockquote>\n\n\n\n<p>\u00c4nderung:<br>Die Frucht des <strong>Geistes<\/strong> besteht n\u00e4mlich in aller G\u00fcte und Gerechtigkeit und Wahrheit.<\/p>\n\n\n\n<h4 class=\"wp-block-heading\">Eph 5, 21<\/h4>\n\n\n\n<blockquote class=\"wp-block-quote is-layout-flow wp-block-quote-is-layout-flow\"><p>und seid dabei einander untertan in der Furcht Jahuschuah.<\/p><cite>medianus 2019<\/cite><\/blockquote>\n\n\n\n<p>\u00c4nderung:<br>und seid dabei einander untertan in der Furcht<strong> Jahuwahs<\/strong>.<\/p>\n\n\n\n<h4 class=\"wp-block-heading\">Eph 6, 12<\/h4>\n\n\n\n<blockquote class=\"wp-block-quote is-layout-flow wp-block-quote-is-layout-flow\"><p>denn unser Kampf richtet sich nicht gegen Fleisch und Blut, sondern gegen die Herrschaften, gegen die Gewalten, gegen die Weltbeherrscher dieser Finsternis, gegen die geistlichen M\u00e4chte der Bosheit in den himmlischen Regionen.<\/p><cite>medianus 2019<\/cite><\/blockquote>\n\n\n\n<p>\u00c4nderung:<br>denn unser Kampf richtet sich nicht gegen Fleisch und Blut, sondern gegen die Herrschaften, gegen die Gewalten, gegen die Weltbeherrscher <strong>der Finsternis dieser Weltzeit<\/strong>, gegen die geistlichen M\u00e4chte der Bosheit in den himmlischen Regionen.<\/p>\n\n\n\n<h4 class=\"wp-block-heading\">M\u00f6chtest Du mitarbeiten?<\/h4>\n\n\n\n<p>Kommentare und Vorschl\u00e4ge:<\/p>\n\n\n\n<figure class=\"wp-block-image\"><img decoding=\"async\" src=\"https:\/\/www.medianus.at\/wp-content\/uploads\/bibelmail.png\" alt=\"\"\/><\/figure>\n\n\n<p><!--EndFragment--><\/p>","protected":false},"excerpt":{"rendered":"<p>Ephesos (altgriechisch \u1f1c\u03c6\u03b5\u03c3\u03bf\u03c2, hethitisch vermutlich Apa\u0161a, lateinisch Ephesus), in der Landschaft Ionien gelegen, war im Altertum eine der \u00e4ltesten, gr\u00f6\u00dften und bedeutendsten St\u00e4dte Kleinasiens und beherbergte mit dem Tempel der Artemis (Artemision) eines der Sieben Weltwunder. In der Antike lag die Stadt direkt am Meer; durch Sedimentation sowie klimatische und seismische Ver\u00e4nderungen verschob sich die &hellip; <a href=\"https:\/\/www.medianus.at\/bibel\/neues-testament\/epheser\/\" class=\"more-link\"><span class=\"screen-reader-text\">&#8222;Epheser&#8220; <\/span>weiterlesen<\/a><\/p>\n","protected":false},"author":1,"featured_media":0,"parent":31,"menu_order":0,"comment_status":"closed","ping_status":"closed","template":"","meta":{"footnotes":""},"class_list":["post-538","page","type-page","status-publish","hentry"],"yoast_head":"<!-- This site is optimized with the Yoast SEO plugin v22.9 - https:\/\/yoast.com\/wordpress\/plugins\/seo\/ -->\n<title>Epheser - Korrekturen zur Ausgabe medianus 2021<\/title>\n<meta name=\"description\" content=\"\u00c4nderungen in den Briefen an die Epheser der Bibelausgabe medianus 2021 gegen\u00fcber der Ausgabe 2019.\" \/>\n<meta name=\"robots\" content=\"index, follow, max-snippet:-1, max-image-preview:large, max-video-preview:-1\" \/>\n<link rel=\"canonical\" href=\"https:\/\/www.medianus.at\/bibel\/neues-testament\/epheser\/\" \/>\n<meta property=\"og:locale\" content=\"de_DE\" \/>\n<meta property=\"og:type\" content=\"article\" \/>\n<meta property=\"og:title\" content=\"Epheser - Korrekturen zur Ausgabe medianus 2021\" \/>\n<meta property=\"og:description\" content=\"\u00c4nderungen in den Briefen an die Epheser der Bibelausgabe medianus 2021 gegen\u00fcber der Ausgabe 2019.\" \/>\n<meta property=\"og:url\" content=\"https:\/\/www.medianus.at\/bibel\/neues-testament\/epheser\/\" \/>\n<meta property=\"og:site_name\" content=\"Medianus\" \/>\n<meta property=\"article:modified_time\" content=\"2021-02-03T11:33:00+00:00\" \/>\n<meta property=\"og:image\" content=\"https:\/\/upload.wikimedia.org\/wikipedia\/commons\/6\/6e\/Ephesos2.jpg\" \/>\n<meta name=\"twitter:card\" content=\"summary_large_image\" \/>\n<meta name=\"twitter:label1\" content=\"Gesch\u00e4tzte Lesezeit\" \/>\n\t<meta name=\"twitter:data1\" content=\"2\u00a0Minuten\" \/>\n<script type=\"application\/ld+json\" class=\"yoast-schema-graph\">{\"@context\":\"https:\/\/schema.org\",\"@graph\":[{\"@type\":\"WebPage\",\"@id\":\"https:\/\/www.medianus.at\/bibel\/neues-testament\/epheser\/\",\"url\":\"https:\/\/www.medianus.at\/bibel\/neues-testament\/epheser\/\",\"name\":\"Epheser - Korrekturen zur Ausgabe medianus 2021\",\"isPartOf\":{\"@id\":\"https:\/\/www.medianus.at\/bibel\/#website\"},\"primaryImageOfPage\":{\"@id\":\"https:\/\/www.medianus.at\/bibel\/neues-testament\/epheser\/#primaryimage\"},\"image\":{\"@id\":\"https:\/\/www.medianus.at\/bibel\/neues-testament\/epheser\/#primaryimage\"},\"thumbnailUrl\":\"https:\/\/upload.wikimedia.org\/wikipedia\/commons\/6\/6e\/Ephesos2.jpg\",\"datePublished\":\"2021-01-22T18:01:17+00:00\",\"dateModified\":\"2021-02-03T11:33:00+00:00\",\"description\":\"\u00c4nderungen in den Briefen an die Epheser der Bibelausgabe medianus 2021 gegen\u00fcber der Ausgabe 2019.\",\"breadcrumb\":{\"@id\":\"https:\/\/www.medianus.at\/bibel\/neues-testament\/epheser\/#breadcrumb\"},\"inLanguage\":\"de\",\"potentialAction\":[{\"@type\":\"ReadAction\",\"target\":[\"https:\/\/www.medianus.at\/bibel\/neues-testament\/epheser\/\"]}]},{\"@type\":\"ImageObject\",\"inLanguage\":\"de\",\"@id\":\"https:\/\/www.medianus.at\/bibel\/neues-testament\/epheser\/#primaryimage\",\"url\":\"https:\/\/upload.wikimedia.org\/wikipedia\/commons\/6\/6e\/Ephesos2.jpg\",\"contentUrl\":\"https:\/\/upload.wikimedia.org\/wikipedia\/commons\/6\/6e\/Ephesos2.jpg\"},{\"@type\":\"BreadcrumbList\",\"@id\":\"https:\/\/www.medianus.at\/bibel\/neues-testament\/epheser\/#breadcrumb\",\"itemListElement\":[{\"@type\":\"ListItem\",\"position\":1,\"name\":\"Startseite\",\"item\":\"https:\/\/www.medianus.at\/bibel\/\"},{\"@type\":\"ListItem\",\"position\":2,\"name\":\"Neues Testament\",\"item\":\"https:\/\/www.medianus.at\/bibel\/neues-testament\/\"},{\"@type\":\"ListItem\",\"position\":3,\"name\":\"Epheser\"}]},{\"@type\":\"WebSite\",\"@id\":\"https:\/\/www.medianus.at\/bibel\/#website\",\"url\":\"https:\/\/www.medianus.at\/bibel\/\",\"name\":\"Medianus\",\"description\":\"Endzeitbewu\u00dftsein\",\"publisher\":{\"@id\":\"https:\/\/www.medianus.at\/bibel\/#\/schema\/person\/9813ce5b369f8452dc40ce133ead17a7\"},\"potentialAction\":[{\"@type\":\"SearchAction\",\"target\":{\"@type\":\"EntryPoint\",\"urlTemplate\":\"https:\/\/www.medianus.at\/bibel\/?s={search_term_string}\"},\"query-input\":\"required name=search_term_string\"}],\"inLanguage\":\"de\"},{\"@type\":[\"Person\",\"Organization\"],\"@id\":\"https:\/\/www.medianus.at\/bibel\/#\/schema\/person\/9813ce5b369f8452dc40ce133ead17a7\",\"name\":\"Walter Panhuber\",\"image\":{\"@type\":\"ImageObject\",\"inLanguage\":\"de\",\"@id\":\"https:\/\/www.medianus.at\/bibel\/#\/schema\/person\/image\/\",\"url\":\"https:\/\/secure.gravatar.com\/avatar\/ff8326d54d16e623f9e2aeb12289ecab?s=96&d=mm&r=g\",\"contentUrl\":\"https:\/\/secure.gravatar.com\/avatar\/ff8326d54d16e623f9e2aeb12289ecab?s=96&d=mm&r=g\",\"caption\":\"Walter Panhuber\"},\"logo\":{\"@id\":\"https:\/\/www.medianus.at\/bibel\/#\/schema\/person\/image\/\"}}]}<\/script>\n<!-- \/ Yoast SEO plugin. -->","yoast_head_json":{"title":"Epheser - Korrekturen zur Ausgabe medianus 2021","description":"\u00c4nderungen in den Briefen an die Epheser der Bibelausgabe medianus 2021 gegen\u00fcber der Ausgabe 2019.","robots":{"index":"index","follow":"follow","max-snippet":"max-snippet:-1","max-image-preview":"max-image-preview:large","max-video-preview":"max-video-preview:-1"},"canonical":"https:\/\/www.medianus.at\/bibel\/neues-testament\/epheser\/","og_locale":"de_DE","og_type":"article","og_title":"Epheser - Korrekturen zur Ausgabe medianus 2021","og_description":"\u00c4nderungen in den Briefen an die Epheser der Bibelausgabe medianus 2021 gegen\u00fcber der Ausgabe 2019.","og_url":"https:\/\/www.medianus.at\/bibel\/neues-testament\/epheser\/","og_site_name":"Medianus","article_modified_time":"2021-02-03T11:33:00+00:00","og_image":[{"url":"https:\/\/upload.wikimedia.org\/wikipedia\/commons\/6\/6e\/Ephesos2.jpg"}],"twitter_card":"summary_large_image","twitter_misc":{"Gesch\u00e4tzte Lesezeit":"2\u00a0Minuten"},"schema":{"@context":"https:\/\/schema.org","@graph":[{"@type":"WebPage","@id":"https:\/\/www.medianus.at\/bibel\/neues-testament\/epheser\/","url":"https:\/\/www.medianus.at\/bibel\/neues-testament\/epheser\/","name":"Epheser - Korrekturen zur Ausgabe medianus 2021","isPartOf":{"@id":"https:\/\/www.medianus.at\/bibel\/#website"},"primaryImageOfPage":{"@id":"https:\/\/www.medianus.at\/bibel\/neues-testament\/epheser\/#primaryimage"},"image":{"@id":"https:\/\/www.medianus.at\/bibel\/neues-testament\/epheser\/#primaryimage"},"thumbnailUrl":"https:\/\/upload.wikimedia.org\/wikipedia\/commons\/6\/6e\/Ephesos2.jpg","datePublished":"2021-01-22T18:01:17+00:00","dateModified":"2021-02-03T11:33:00+00:00","description":"\u00c4nderungen in den Briefen an die Epheser der Bibelausgabe medianus 2021 gegen\u00fcber der Ausgabe 2019.","breadcrumb":{"@id":"https:\/\/www.medianus.at\/bibel\/neues-testament\/epheser\/#breadcrumb"},"inLanguage":"de","potentialAction":[{"@type":"ReadAction","target":["https:\/\/www.medianus.at\/bibel\/neues-testament\/epheser\/"]}]},{"@type":"ImageObject","inLanguage":"de","@id":"https:\/\/www.medianus.at\/bibel\/neues-testament\/epheser\/#primaryimage","url":"https:\/\/upload.wikimedia.org\/wikipedia\/commons\/6\/6e\/Ephesos2.jpg","contentUrl":"https:\/\/upload.wikimedia.org\/wikipedia\/commons\/6\/6e\/Ephesos2.jpg"},{"@type":"BreadcrumbList","@id":"https:\/\/www.medianus.at\/bibel\/neues-testament\/epheser\/#breadcrumb","itemListElement":[{"@type":"ListItem","position":1,"name":"Startseite","item":"https:\/\/www.medianus.at\/bibel\/"},{"@type":"ListItem","position":2,"name":"Neues Testament","item":"https:\/\/www.medianus.at\/bibel\/neues-testament\/"},{"@type":"ListItem","position":3,"name":"Epheser"}]},{"@type":"WebSite","@id":"https:\/\/www.medianus.at\/bibel\/#website","url":"https:\/\/www.medianus.at\/bibel\/","name":"Medianus","description":"Endzeitbewu\u00dftsein","publisher":{"@id":"https:\/\/www.medianus.at\/bibel\/#\/schema\/person\/9813ce5b369f8452dc40ce133ead17a7"},"potentialAction":[{"@type":"SearchAction","target":{"@type":"EntryPoint","urlTemplate":"https:\/\/www.medianus.at\/bibel\/?s={search_term_string}"},"query-input":"required name=search_term_string"}],"inLanguage":"de"},{"@type":["Person","Organization"],"@id":"https:\/\/www.medianus.at\/bibel\/#\/schema\/person\/9813ce5b369f8452dc40ce133ead17a7","name":"Walter Panhuber","image":{"@type":"ImageObject","inLanguage":"de","@id":"https:\/\/www.medianus.at\/bibel\/#\/schema\/person\/image\/","url":"https:\/\/secure.gravatar.com\/avatar\/ff8326d54d16e623f9e2aeb12289ecab?s=96&d=mm&r=g","contentUrl":"https:\/\/secure.gravatar.com\/avatar\/ff8326d54d16e623f9e2aeb12289ecab?s=96&d=mm&r=g","caption":"Walter Panhuber"},"logo":{"@id":"https:\/\/www.medianus.at\/bibel\/#\/schema\/person\/image\/"}}]}},"_links":{"self":[{"href":"https:\/\/www.medianus.at\/bibel\/wp-json\/wp\/v2\/pages\/538"}],"collection":[{"href":"https:\/\/www.medianus.at\/bibel\/wp-json\/wp\/v2\/pages"}],"about":[{"href":"https:\/\/www.medianus.at\/bibel\/wp-json\/wp\/v2\/types\/page"}],"author":[{"embeddable":true,"href":"https:\/\/www.medianus.at\/bibel\/wp-json\/wp\/v2\/users\/1"}],"replies":[{"embeddable":true,"href":"https:\/\/www.medianus.at\/bibel\/wp-json\/wp\/v2\/comments?post=538"}],"version-history":[{"count":8,"href":"https:\/\/www.medianus.at\/bibel\/wp-json\/wp\/v2\/pages\/538\/revisions"}],"predecessor-version":[{"id":665,"href":"https:\/\/www.medianus.at\/bibel\/wp-json\/wp\/v2\/pages\/538\/revisions\/665"}],"up":[{"embeddable":true,"href":"https:\/\/www.medianus.at\/bibel\/wp-json\/wp\/v2\/pages\/31"}],"wp:attachment":[{"href":"https:\/\/www.medianus.at\/bibel\/wp-json\/wp\/v2\/media?parent=538"}],"curies":[{"name":"wp","href":"https:\/\/api.w.org\/{rel}","templated":true}]}}