{"id":413,"date":"2021-01-06T00:54:01","date_gmt":"2021-01-05T23:54:01","guid":{"rendered":"https:\/\/www.medianus.at\/bibel\/?page_id=413"},"modified":"2022-04-02T19:03:14","modified_gmt":"2022-04-02T17:03:14","slug":"faelschungen-in-der-bibel","status":"publish","type":"page","link":"https:\/\/www.medianus.at\/bibel\/faelschungen-in-der-bibel\/","title":{"rendered":"F\u00e4lschungen in der Bibel"},"content":{"rendered":"\n<p>Edi Maurer hat auch das Video &#8222;Die dunkle Seite Martin Luthers&#8220; geschaffen. Sein Video &#8222;Die gef\u00e4lschte Bibel&#8220; wurde bereits von \u00fcber einer Million Menschen angesehen. Ein guter \u00dcberblick \u00fcber die Bibelf\u00e4lschungen.<\/p>\n\n\n\n<p>Anzumerken ist an dieser Stelle, dass die Redaktion der Medianus-Bibel keine N\u00e4he zu irgend einer Religionsgemeinschaft hat. Auch nicht zu <a rel=\"noreferrer noopener\" aria-label=\"Universeelles Leben (\u00f6ffnet in neuem Tab)\" href=\"https:\/\/de.wikipedia.org\/wiki\/Universelles_Leben\" target=\"_blank\">Universelles Leben<\/a>, welche wohl dieses Video produziert hat und das Pseudonym &#8222;Edi Maurer&#8220; benutzt.<\/p>\n\n\n\n<figure class=\"wp-block-embed-youtube wp-block-embed is-type-video is-provider-youtube wp-embed-aspect-16-9 wp-has-aspect-ratio\"><div class=\"wp-block-embed__wrapper\">\n<iframe loading=\"lazy\" title=\"Die gef\u00e4lschte Bibel\" width=\"840\" height=\"473\" src=\"https:\/\/www.youtube.com\/embed\/P4etD3H0re0?feature=oembed\" frameborder=\"0\" allow=\"accelerometer; autoplay; clipboard-write; encrypted-media; gyroscope; picture-in-picture\" allowfullscreen><\/iframe>\n<\/div><figcaption>von Edi Maurer<\/figcaption><\/figure>\n\n\n\n<p>Dieses Videos ist im gro\u00dfen und ganzen gut gemacht, allerdings gibt es dazu doch etwas, was man unbedingt anmerken muss.<\/p>\n\n\n\n<p>Nicht jeder Ungereimtheit liegt eine F\u00e4lschung zu Grunde. Oft verstehen wir mit unserem heutigen Denken ganz einfach nicht die Zusammenh\u00e4nge oder das \u00dcbertragen in unsere Sprache f\u00fchrt zu dieser Ungereimtheit. Wichtig ist das wesentliche im Auge zu behalten.<\/p>\n\n\n\n<p>Zum Beispiel die Schlachtung des Lammes zum Passahfest ist keine F\u00e4lschung der Bibel, denn es geh\u00f6rt zum Zentrum des Erl\u00f6sungsplanes. Joschuah aus Nazareth, unser Maschiach ist dieses Lamm, das ist das Zentrum des ewigen Evangeliums. <\/p>\n\n\n\n<blockquote class=\"wp-block-quote is-layout-flow wp-block-quote-is-layout-flow\"><p>Das Fleisch aber sollen sie noch in derselben Nacht essen, am Feuer gebraten, und dazu unges\u00e4uertes Brot; mit bitteren Kr\u00e4utern sollen sie es essen.<\/p><cite>2. Mose 12, 8<\/cite><\/blockquote>\n\n\n\n<p>Darum soll es &#8222;mit bitteren Kr\u00e4utern&#8220; gegessen werden, weil es eben nicht ein Brandopfer der Priester ist, sondern der Hinweis auf das Opfer unseres Maschiach, dem LAMM Gottes.<\/p>\n\n\n\n<p>Verf\u00e4lschungen in den B\u00fcchern Mose wurden in der Tat von sp\u00e4teren Propheten des alten Testamentes schon angeprangert.<\/p>\n\n\n\n<p>Im neuen Testament ist wohl das Matth\u00e4us Evangelium zu erw\u00e4hnen. Im Vatikan liegt angeblich die Urversion in hebr\u00e4isch vor. Die Zukunft wird uns zeigen, ob es tats\u00e4chlich dort ist.<\/p>\n\n\n\n<p>Noch eine Kleinigkeit zum Video:<br>Eigentlich sollte Edi Maurer wissen, dass das Gebot &#8222;Du sollst nicht t\u00f6ten&#8220; nicht das 5. Gebot in der Bibel ist. Er erw\u00e4hnt das mehrere Male in dem Video. In der Bibel ist es das 6. Gebot. Eigentlich m\u00fcsste er wissen, dass die fr\u00fche Kirche das zweite Gebot gestrichen hat und das zehnte Gebot geteilt hat.<\/p>\n\n\n\n<p>Im Jahr 2021 ist auch eine neue Version der gef\u00e4lschten Bibel erschienen, welche man als Erweiterung sehen kann. Die darin erkannten Wahrheiten \u00fcberwiegen bei weitem die Eigeninterpretation der dahinter stehenden Glaubensgemeinschaft. Darum kann man es nur w\u00e4rmstens empfehlen.<\/p>\n\n\n\n<figure class=\"wp-block-embed-youtube wp-block-embed is-type-video is-provider-youtube wp-embed-aspect-16-9 wp-has-aspect-ratio\"><div class=\"wp-block-embed__wrapper\">\n<iframe loading=\"lazy\" title=\"Die gef\u00e4lschte Bibel 2.0. Wer hat die Bibel inspiriert?\" width=\"840\" height=\"473\" src=\"https:\/\/www.youtube.com\/embed\/whmxKvrGSKI?feature=oembed\" frameborder=\"0\" allow=\"accelerometer; autoplay; clipboard-write; encrypted-media; gyroscope; picture-in-picture\" allowfullscreen><\/iframe>\n<\/div><\/figure>\n\n\n\n<h4 class=\"wp-block-heading\">Warum ist alles so kompliziert?<\/h4>\n\n\n\n<p>Weil wir unseren Sch\u00f6pfer durch unser Herz wieder finden sollen. Die vielen F\u00e4lschungen geben jenen Raum, die hartherzig bleiben <strong>WOLLEN<\/strong>.<\/p>\n\n\n\n<p>Dasselbe finden wir auch in der Prophetie. Auch dort gibt es immer Raum f\u00fcr die Zweifler, darum sind die Erf\u00fcllungen der prophetischen Worte immer etwas undeutlich. Ein Beispiel ist dieses:<\/p>\n\n\n\n<blockquote class=\"wp-block-quote is-layout-flow wp-block-quote-is-layout-flow\"><p>Darum wird der Herr selbst euch ein Zeichen geben: Siehe, die Jungfrau wird schwanger werden und einen Sohn geb\u00e4ren, und wird seinen Namen Immanuel hei\u00dfen.<\/p><cite>Jesaja 7, 14<\/cite><\/blockquote>\n\n\n\n<p>Die Erf\u00fcllung dieser Prophezeihung:<\/p>\n\n\n\n<blockquote class=\"wp-block-quote is-layout-flow wp-block-quote-is-layout-flow\"><p>Und sie wird einen Sohn geb\u00e4ren, und du sollst ihm den Namen Jahuschuah geben; denn er wird sein Volk erretten von ihren S\u00fcnden.<\/p><cite>Matth\u00e4us 1, 21<\/cite><\/blockquote>\n\n\n\n<p>Dem Zweifler gibt diese Erf\u00fcllung im NT Raum.<\/p>\n\n\n\n<p>N\u00e4chste Seite: <a href=\"https:\/\/www.medianus.at\/bibel\/zehn-gebote-jahuwahs\/\">Zehn Gebote<\/a><br> <a href=\"https:\/\/www.medianus.at\/bibel\/grundlagen\/\">Grundlagen<\/a> <\/p>\n","protected":false},"excerpt":{"rendered":"<p>Edi Maurer hat auch das Video &#8222;Die dunkle Seite Martin Luthers&#8220; geschaffen. Sein Video &#8222;Die gef\u00e4lschte Bibel&#8220; wurde bereits von \u00fcber einer Million Menschen angesehen. Ein guter \u00dcberblick \u00fcber die Bibelf\u00e4lschungen. Anzumerken ist an dieser Stelle, dass die Redaktion der Medianus-Bibel keine N\u00e4he zu irgend einer Religionsgemeinschaft hat. Auch nicht zu Universelles Leben, welche wohl &hellip; <a href=\"https:\/\/www.medianus.at\/bibel\/faelschungen-in-der-bibel\/\" class=\"more-link\"><span class=\"screen-reader-text\">&#8222;F\u00e4lschungen in der Bibel&#8220; <\/span>weiterlesen<\/a><\/p>\n","protected":false},"author":1,"featured_media":0,"parent":0,"menu_order":0,"comment_status":"closed","ping_status":"closed","template":"","meta":{"footnotes":""},"class_list":["post-413","page","type-page","status-publish","hentry"],"yoast_head":"<!-- This site is optimized with the Yoast SEO plugin v22.9 - https:\/\/yoast.com\/wordpress\/plugins\/seo\/ -->\n<title>F\u00e4lschungen in der Bibel - Medianus<\/title>\n<meta name=\"description\" content=\"Diese Video erkl\u00e4rt die F\u00e4lschungen in der Bibel zwar sehr gut, aber vom Erl\u00f6sungsplan hat der Autor offensichtlich keine Ahnung.\" \/>\n<meta name=\"robots\" content=\"index, follow, max-snippet:-1, max-image-preview:large, max-video-preview:-1\" \/>\n<link rel=\"canonical\" href=\"https:\/\/www.medianus.at\/bibel\/faelschungen-in-der-bibel\/\" \/>\n<meta property=\"og:locale\" content=\"de_DE\" \/>\n<meta property=\"og:type\" content=\"article\" \/>\n<meta property=\"og:title\" content=\"F\u00e4lschungen in der Bibel - Medianus\" \/>\n<meta property=\"og:description\" content=\"Diese Video erkl\u00e4rt die F\u00e4lschungen in der Bibel zwar sehr gut, aber vom Erl\u00f6sungsplan hat der Autor offensichtlich keine Ahnung.\" \/>\n<meta property=\"og:url\" content=\"https:\/\/www.medianus.at\/bibel\/faelschungen-in-der-bibel\/\" \/>\n<meta property=\"og:site_name\" content=\"Medianus\" \/>\n<meta property=\"article:modified_time\" content=\"2022-04-02T17:03:14+00:00\" \/>\n<meta name=\"twitter:card\" content=\"summary_large_image\" \/>\n<meta name=\"twitter:label1\" content=\"Gesch\u00e4tzte Lesezeit\" \/>\n\t<meta name=\"twitter:data1\" content=\"3\u00a0Minuten\" \/>\n<script type=\"application\/ld+json\" class=\"yoast-schema-graph\">{\"@context\":\"https:\/\/schema.org\",\"@graph\":[{\"@type\":\"WebPage\",\"@id\":\"https:\/\/www.medianus.at\/bibel\/faelschungen-in-der-bibel\/\",\"url\":\"https:\/\/www.medianus.at\/bibel\/faelschungen-in-der-bibel\/\",\"name\":\"F\u00e4lschungen in der Bibel - Medianus\",\"isPartOf\":{\"@id\":\"https:\/\/www.medianus.at\/bibel\/#website\"},\"datePublished\":\"2021-01-05T23:54:01+00:00\",\"dateModified\":\"2022-04-02T17:03:14+00:00\",\"description\":\"Diese Video erkl\u00e4rt die F\u00e4lschungen in der Bibel zwar sehr gut, aber vom Erl\u00f6sungsplan hat der Autor offensichtlich keine Ahnung.\",\"breadcrumb\":{\"@id\":\"https:\/\/www.medianus.at\/bibel\/faelschungen-in-der-bibel\/#breadcrumb\"},\"inLanguage\":\"de\",\"potentialAction\":[{\"@type\":\"ReadAction\",\"target\":[\"https:\/\/www.medianus.at\/bibel\/faelschungen-in-der-bibel\/\"]}]},{\"@type\":\"BreadcrumbList\",\"@id\":\"https:\/\/www.medianus.at\/bibel\/faelschungen-in-der-bibel\/#breadcrumb\",\"itemListElement\":[{\"@type\":\"ListItem\",\"position\":1,\"name\":\"Startseite\",\"item\":\"https:\/\/www.medianus.at\/bibel\/\"},{\"@type\":\"ListItem\",\"position\":2,\"name\":\"F\u00e4lschungen in der Bibel\"}]},{\"@type\":\"WebSite\",\"@id\":\"https:\/\/www.medianus.at\/bibel\/#website\",\"url\":\"https:\/\/www.medianus.at\/bibel\/\",\"name\":\"Medianus\",\"description\":\"Endzeitbewu\u00dftsein\",\"publisher\":{\"@id\":\"https:\/\/www.medianus.at\/bibel\/#\/schema\/person\/9813ce5b369f8452dc40ce133ead17a7\"},\"potentialAction\":[{\"@type\":\"SearchAction\",\"target\":{\"@type\":\"EntryPoint\",\"urlTemplate\":\"https:\/\/www.medianus.at\/bibel\/?s={search_term_string}\"},\"query-input\":\"required name=search_term_string\"}],\"inLanguage\":\"de\"},{\"@type\":[\"Person\",\"Organization\"],\"@id\":\"https:\/\/www.medianus.at\/bibel\/#\/schema\/person\/9813ce5b369f8452dc40ce133ead17a7\",\"name\":\"Walter Panhuber\",\"image\":{\"@type\":\"ImageObject\",\"inLanguage\":\"de\",\"@id\":\"https:\/\/www.medianus.at\/bibel\/#\/schema\/person\/image\/\",\"url\":\"https:\/\/secure.gravatar.com\/avatar\/ff8326d54d16e623f9e2aeb12289ecab?s=96&d=mm&r=g\",\"contentUrl\":\"https:\/\/secure.gravatar.com\/avatar\/ff8326d54d16e623f9e2aeb12289ecab?s=96&d=mm&r=g\",\"caption\":\"Walter Panhuber\"},\"logo\":{\"@id\":\"https:\/\/www.medianus.at\/bibel\/#\/schema\/person\/image\/\"}}]}<\/script>\n<!-- \/ Yoast SEO plugin. -->","yoast_head_json":{"title":"F\u00e4lschungen in der Bibel - Medianus","description":"Diese Video erkl\u00e4rt die F\u00e4lschungen in der Bibel zwar sehr gut, aber vom Erl\u00f6sungsplan hat der Autor offensichtlich keine Ahnung.","robots":{"index":"index","follow":"follow","max-snippet":"max-snippet:-1","max-image-preview":"max-image-preview:large","max-video-preview":"max-video-preview:-1"},"canonical":"https:\/\/www.medianus.at\/bibel\/faelschungen-in-der-bibel\/","og_locale":"de_DE","og_type":"article","og_title":"F\u00e4lschungen in der Bibel - Medianus","og_description":"Diese Video erkl\u00e4rt die F\u00e4lschungen in der Bibel zwar sehr gut, aber vom Erl\u00f6sungsplan hat der Autor offensichtlich keine Ahnung.","og_url":"https:\/\/www.medianus.at\/bibel\/faelschungen-in-der-bibel\/","og_site_name":"Medianus","article_modified_time":"2022-04-02T17:03:14+00:00","twitter_card":"summary_large_image","twitter_misc":{"Gesch\u00e4tzte Lesezeit":"3\u00a0Minuten"},"schema":{"@context":"https:\/\/schema.org","@graph":[{"@type":"WebPage","@id":"https:\/\/www.medianus.at\/bibel\/faelschungen-in-der-bibel\/","url":"https:\/\/www.medianus.at\/bibel\/faelschungen-in-der-bibel\/","name":"F\u00e4lschungen in der Bibel - Medianus","isPartOf":{"@id":"https:\/\/www.medianus.at\/bibel\/#website"},"datePublished":"2021-01-05T23:54:01+00:00","dateModified":"2022-04-02T17:03:14+00:00","description":"Diese Video erkl\u00e4rt die F\u00e4lschungen in der Bibel zwar sehr gut, aber vom Erl\u00f6sungsplan hat der Autor offensichtlich keine Ahnung.","breadcrumb":{"@id":"https:\/\/www.medianus.at\/bibel\/faelschungen-in-der-bibel\/#breadcrumb"},"inLanguage":"de","potentialAction":[{"@type":"ReadAction","target":["https:\/\/www.medianus.at\/bibel\/faelschungen-in-der-bibel\/"]}]},{"@type":"BreadcrumbList","@id":"https:\/\/www.medianus.at\/bibel\/faelschungen-in-der-bibel\/#breadcrumb","itemListElement":[{"@type":"ListItem","position":1,"name":"Startseite","item":"https:\/\/www.medianus.at\/bibel\/"},{"@type":"ListItem","position":2,"name":"F\u00e4lschungen in der Bibel"}]},{"@type":"WebSite","@id":"https:\/\/www.medianus.at\/bibel\/#website","url":"https:\/\/www.medianus.at\/bibel\/","name":"Medianus","description":"Endzeitbewu\u00dftsein","publisher":{"@id":"https:\/\/www.medianus.at\/bibel\/#\/schema\/person\/9813ce5b369f8452dc40ce133ead17a7"},"potentialAction":[{"@type":"SearchAction","target":{"@type":"EntryPoint","urlTemplate":"https:\/\/www.medianus.at\/bibel\/?s={search_term_string}"},"query-input":"required name=search_term_string"}],"inLanguage":"de"},{"@type":["Person","Organization"],"@id":"https:\/\/www.medianus.at\/bibel\/#\/schema\/person\/9813ce5b369f8452dc40ce133ead17a7","name":"Walter Panhuber","image":{"@type":"ImageObject","inLanguage":"de","@id":"https:\/\/www.medianus.at\/bibel\/#\/schema\/person\/image\/","url":"https:\/\/secure.gravatar.com\/avatar\/ff8326d54d16e623f9e2aeb12289ecab?s=96&d=mm&r=g","contentUrl":"https:\/\/secure.gravatar.com\/avatar\/ff8326d54d16e623f9e2aeb12289ecab?s=96&d=mm&r=g","caption":"Walter Panhuber"},"logo":{"@id":"https:\/\/www.medianus.at\/bibel\/#\/schema\/person\/image\/"}}]}},"_links":{"self":[{"href":"https:\/\/www.medianus.at\/bibel\/wp-json\/wp\/v2\/pages\/413"}],"collection":[{"href":"https:\/\/www.medianus.at\/bibel\/wp-json\/wp\/v2\/pages"}],"about":[{"href":"https:\/\/www.medianus.at\/bibel\/wp-json\/wp\/v2\/types\/page"}],"author":[{"embeddable":true,"href":"https:\/\/www.medianus.at\/bibel\/wp-json\/wp\/v2\/users\/1"}],"replies":[{"embeddable":true,"href":"https:\/\/www.medianus.at\/bibel\/wp-json\/wp\/v2\/comments?post=413"}],"version-history":[{"count":21,"href":"https:\/\/www.medianus.at\/bibel\/wp-json\/wp\/v2\/pages\/413\/revisions"}],"predecessor-version":[{"id":1138,"href":"https:\/\/www.medianus.at\/bibel\/wp-json\/wp\/v2\/pages\/413\/revisions\/1138"}],"wp:attachment":[{"href":"https:\/\/www.medianus.at\/bibel\/wp-json\/wp\/v2\/media?parent=413"}],"curies":[{"name":"wp","href":"https:\/\/api.w.org\/{rel}","templated":true}]}}