{"id":328,"date":"2020-12-17T21:48:27","date_gmt":"2020-12-17T20:48:27","guid":{"rendered":"https:\/\/www.medianus.at\/bibel\/?page_id=328"},"modified":"2021-02-03T11:45:01","modified_gmt":"2021-02-03T10:45:01","slug":"apostelgeschichte","status":"publish","type":"page","link":"https:\/\/www.medianus.at\/bibel\/neues-testament\/apostelgeschichte\/","title":{"rendered":"Apostelgeschichte"},"content":{"rendered":"\n<div class=\"wp-block-image\"><figure class=\"alignleft size-large is-resized\"><a href=\"https:\/\/de.wikipedia.org\/wiki\/Apostelgeschichte_des_Lukas\" target=\"_blank\" rel=\"noreferrer noopener\"><img loading=\"lazy\" decoding=\"async\" src=\"https:\/\/upload.wikimedia.org\/wikipedia\/commons\/thumb\/4\/48\/%D0%94%D0%B5%D1%8F%D0%BD%D0%B8%D1%8F_%D0%90%D0%BF%D0%BE%D1%81%D1%82%D0%BE%D0%BB%D0%BE%D0%B2.jpg\/330px-%D0%94%D0%B5%D1%8F%D0%BD%D0%B8%D1%8F_%D0%90%D0%BF%D0%BE%D1%81%D1%82%D0%BE%D0%BB%D0%BE%D0%B2.jpg\" alt=\"\" width=\"307\" height=\"300\"\/><\/a><figcaption>Quelle: Wikipedia<\/figcaption><\/figure><\/div>\n\n\n\n<p> Die <strong>Apostelgeschichte des Lukas<\/strong> (lateinisch: <em>Actus apostolorum<\/em> oder <em>Acta apostolorum<\/em> \u201eTaten der Apostel\u201c; deutsche Abk\u00fcrzung: Apg, altgriechisch \u03c0\u03c1\u03ac\u03be\u03b5\u03b9\u03c3 \u03b1\u03c0\u03bf\u03c3\u03c4\u03cc\u03bb\u03c9\u03bd) ist ein Buch des Neuen Testaments der christlichen Bibel. Es bildet den zweiten Teil des sogenannten \u201elukanischen Doppelwerkes\u201c, indem es an das Lukasevangelium anschlie\u00dft. Behandelt wird die Gr\u00fcndung der Kirche und die Verbreitung des Christentums im R\u00f6mischen Reich. Im Griechischen lautet der Titel <em>Pr\u00e1xeis Apost\u00f3l\u014dn<\/em> (\u03a0\u03c1\u03ac\u03be\u03b5\u03b9\u03c2 \u1f08\u03c0\u03bf\u03c3\u03c4\u03cc\u03bb\u03c9\u03bd, \u201eTaten der Apostel\u201c). In vielen anderen Sprachen hat das Buch einen Titel, der w\u00f6rtlich \u201eTaten der Apostel\u201c bedeutet (etwa auf Franz\u00f6sisch, Italienisch, Niederl\u00e4ndisch, Schwedisch oder Russisch) oder sich als \u201eBuch der Taten\u201c \u00fcbersetzen l\u00e4sst (so zum Beispiel auf Englisch: <em>Book of Acts<\/em>). Als \u201eGeschichte der Apostel\u201c bezeichnet es au\u00dfer dem Deutschen auch die polnische Sprache. Es wird seit dem Mittelalter in 28 Kapitel unterteilt. <\/p>\n\n\n\n<h4 class=\"wp-block-heading\">APG 2, 30<\/h4>\n\n\n\n<blockquote class=\"wp-block-quote is-layout-flow wp-block-quote-is-layout-flow\"><p>Da er nun ein Prophet war und wusste, dass Jahuwah ihm mit einem Eide verhei\u00dfen hatte, aus der Frucht seiner Lenden einen auf seinen Thron zu setzen,<\/p><cite>medianus 2019<\/cite><\/blockquote>\n\n\n\n<p>\u00c4nderung:<br>Da er nun ein Prophet war und wusste, dass Jahuwah ihm mit einem Eide verhei\u00dfen hatte, aus der Frucht seiner Lenden, <strong>dem Fleisch nach, den Christus erwecken werde<\/strong>, einen auf seinen Thron zu setzen,<\/p>\n\n\n\n<h4 class=\"wp-block-heading\">Apg 9, 5<\/h4>\n\n\n\n<blockquote class=\"wp-block-quote is-layout-flow wp-block-quote-is-layout-flow\"><p>Er aber sagte: Wer bist du, Herr? Der aber sprach: Ich bin Jahuschuah, den du verfolgst. Es wird dir schwer werden, wider den Stachel auszuschlagen! <\/p><cite>medianus 2019<\/cite><\/blockquote>\n\n\n\n<p>\u00c4nderung:<br>Er aber sagte: Wer bist du, Herr? Der <strong>Herr <\/strong>aber sprach: Ich bin Jahuschuah,  den du verfolgst. Es wird dir schwer werden, wider den Stachel  auszuschlagen! <\/p>\n\n\n\n<h4 class=\"wp-block-heading\"> Apg 9, 28<\/h4>\n\n\n\n<blockquote class=\"wp-block-quote is-layout-flow wp-block-quote-is-layout-flow\"><p>Und er ging in Jerusalem mit ihnen aus und ein und predigte freim\u00fctig im Namen Jahuschuahs.<\/p><cite>medianus 2019<\/cite><\/blockquote>\n\n\n\n<p>\u00c4nderung:<br>Und er ging in Jerusalem mit ihnen aus und ein und predigte freim\u00fctig im Namen <strong>des Herrn <\/strong>Jahuschuah.<\/p>\n\n\n\n<h4 class=\"wp-block-heading\">Apg 10, 21<\/h4>\n\n\n\n<blockquote class=\"wp-block-quote is-layout-flow wp-block-quote-is-layout-flow\"><p>Da stieg Petrus zu den M\u00e4nnern hinab und sprach: Siehe, ich bin der, den ihr sucht. Was ist die Ursache, weshalb ihr hier seid?<\/p><cite>medianus 2019<\/cite><\/blockquote>\n\n\n\n<p>\u00c4nderung:<br>Da stieg Petrus zu den M\u00e4nnern hinab<strong>, die von Kornelius zu ihm gesandt worden waren<\/strong> und sprach: Siehe, ich bin der, den ihr sucht. Was ist die Ursache, weshalb ihr hier seid?<\/p>\n\n\n\n<h4 class=\"wp-block-heading\">Apg 11, 26<\/h4>\n\n\n\n<blockquote class=\"wp-block-quote is-layout-flow wp-block-quote-is-layout-flow\"><p>Es begab sich aber, dass sie ein ganzes Jahr in der Gemeinde beisammen blieben und eine betr\u00e4chtliche Menge lehrten, und dass die J\u00fcnger zuerst in Antiochia Christen genannt wurden.  <\/p><cite>medianus 2019<\/cite><\/blockquote>\n\n\n\n<p>Das Wort &#8222;Christen&#8220; wird zu &#8222;Chresten&#8220; ge\u00e4ndert. <a rel=\"noreferrer noopener\" aria-label=\"Warum (\u00f6ffnet in neuem Tab)\" href=\"https:\/\/www.bibel-offenbarung.org\/falsche-anbetung\/vom-guten-gott-zum-gesalbten.html\" target=\"_blank\">Warum<\/a>.<\/p>\n\n\n\n<h4 class=\"wp-block-heading\">Apg 13, 42<\/h4>\n\n\n\n<blockquote class=\"wp-block-quote is-layout-flow wp-block-quote-is-layout-flow\"><p>Als sie aber aus der Versammlung gingen, bat man sie, dass ihnen diese Worte auch am n\u00e4chsten Sabbat gepredigt werden m\u00f6chten.<\/p><cite>medianus 2019<\/cite><\/blockquote>\n\n\n\n<p>\u00c4nderung:<br>Als aber <strong>die Juden aus der Synagoge gegangen waren, baten die Heiden  darum<\/strong>, da\u00df ihnen diese Worte auch am n\u00e4chsten Sabbat <strong>verk\u00fcndigt<\/strong>  w\u00fcrden.<\/p>\n\n\n\n<h4 class=\"wp-block-heading\"> Apg 15, 17-18<\/h4>\n\n\n\n<blockquote class=\"wp-block-quote is-layout-flow wp-block-quote-is-layout-flow\"><p>auf dass die \u00dcbriggebliebenen der Menschen Jahuwah suchen, und alle V\u00f6lker, \u00fcber welche mein Name angerufen worden ist, spricht Jahuwah, der solche Dinge tut\u00bb <sup>18<\/sup> und dem sie von Ewigkeit her bekannt sind.<\/p><cite>medianus 2019<\/cite><\/blockquote>\n\n\n\n<p>\u00c4nderung:<br>damit die \u00dcbriggebliebenen der Menschen den Herrn suchen, und alle Heiden, \u00fcber die mein Name ausgerufen worden ist, spricht der Herr, der all dies tut.\u00ab  <sup>18<\/sup> Jahuwah sind alle seine Werke von Ewigkeit her bekannt.<\/p>\n\n\n\n<h4 class=\"wp-block-heading\">Apg 15, 24<\/h4>\n\n\n\n<blockquote class=\"wp-block-quote is-layout-flow wp-block-quote-is-layout-flow\"><p>Da wir geh\u00f6rt haben, dass etliche, die von uns ausgegangen sind, euch durch Reden verwirrt und eure Seelen unsicher gemacht haben, ohne dass wir sie dazu beauftragt h\u00e4tten,<\/p><cite>medianus 2019<\/cite><\/blockquote>\n\n\n\n<p>\u00c4nderung:<br>Da wir geh\u00f6rt haben, dass etliche, die von uns ausgegangen sind, euch durch Reden verwirrt und eure Seelen unsicher gemacht haben, <strong>indem sie sagen, man m\u00fcsse sich beschneiden lassen und das Gesetz halten<\/strong>, ohne dass wir sie dazu beauftragt h\u00e4tten,<\/p>\n\n\n\n<h4 class=\"wp-block-heading\">Apg 18, 5<\/h4>\n\n\n\n<blockquote class=\"wp-block-quote is-layout-flow wp-block-quote-is-layout-flow\"><p>Als aber Silas und Timotheus aus Mazedonien ankamen, war Paulus eifrig mit dem Wort besch\u00e4ftigt, indem er den Juden bezeugte, dass Jahuschuah der Maschiach sei.<\/p><cite>medianus 2019<\/cite><\/blockquote>\n\n\n\n<p>\u00c4nderung:<br>Als aber Silas und Timotheus aus Mazedonien ankamen, <strong>wurde Paulus durch  den Geist gedr\u00e4ngt<\/strong>, den Juden zu bezeugen,  dass Jahuschuah der Maschiach sei. <\/p>\n\n\n\n<h4 class=\"wp-block-heading\">Apg 20, 21<\/h4>\n\n\n\n<blockquote class=\"wp-block-quote is-layout-flow wp-block-quote-is-layout-flow\"><p>indem ich Juden und Griechen die Bu\u00dfe zu Jahuwah und den Glauben an unsern Herrn Jahuschuah bezeugt habe.<\/p><cite>medianus 2019<\/cite><\/blockquote>\n\n\n\n<p>\u00c4nderung:<br>indem ich Juden und Griechen die Bu\u00dfe zu Jahuwah und den Glauben an unsern Herrn Jahuschuah, <strong>den Maschiach,<\/strong> bezeugt habe.<\/p>\n\n\n\n<h4 class=\"wp-block-heading\">Apg 2o, 28<\/h4>\n\n\n\n<blockquote class=\"wp-block-quote is-layout-flow wp-block-quote-is-layout-flow\"><p>So habt nun acht auf euch selbst und auf die ganze Herde, in welcher der heilige Geist euch zu Aufsehern gesetzt hat, die Gemeinde Jahuwahs zu weiden, welche er durch das Blut seines eigenen Sohnes erworben hat!<\/p><cite>medianus 2019<\/cite><\/blockquote>\n\n\n\n<p>\u00c4nderung:<br>So habt nun acht auf euch selbst und auf die ganze Herde, in welcher der heilige Geist euch zu Aufsehern gesetzt hat, die Gemeinde Jahuwahs zu weiden,  <strong>die er durch sein eigenes Blut erworben hat! <\/strong><\/p>\n\n\n\n<h4 class=\"wp-block-heading\">Apg 22, 16<\/h4>\n\n\n\n<blockquote class=\"wp-block-quote is-layout-flow wp-block-quote-is-layout-flow\"><p>Und nun, was z\u00f6gerst du? Steh auf, lass dich taufen und deine S\u00fcnden abwaschen, indem du seinen Namen anrufst!<\/p><cite>medianus 2019<\/cite><\/blockquote>\n\n\n\n<p>\u00c4nderung:<br>Und nun, was z\u00f6gerst du? Steh auf, lass dich taufen und deine S\u00fcnden abwaschen, indem du <strong>den Namen des Herrn<\/strong> anrufst!<\/p>\n\n\n\n<h4 class=\"wp-block-heading\">Apg 26, 30<\/h4>\n\n\n\n<blockquote class=\"wp-block-quote is-layout-flow wp-block-quote-is-layout-flow\"><p>Und der K\u00f6nig stand auf, ebenso der Landpfleger und Bernice und die bei ihnen sa\u00dfen.<\/p><cite>medianus 2019<\/cite><\/blockquote>\n\n\n\n<p>\u00c4nderung:<br><strong>Und als er dies gesagt hatte, stand der K\u00f6nig auf<\/strong>, ebenso der Landpfleger und Bernice und die bei ihnen sa\u00dfen.<\/p>\n\n\n\n<h4 class=\"wp-block-heading\">M\u00f6chtest Du mitarbeiten?<\/h4>\n\n\n\n<p>Kommentare und Vorschl\u00e4ge:<\/p>\n\n\n\n<figure class=\"wp-block-image\"><img decoding=\"async\" src=\"https:\/\/www.medianus.at\/wp-content\/uploads\/bibelmail.png\" alt=\"\"\/><\/figure>\n","protected":false},"excerpt":{"rendered":"<p>Die Apostelgeschichte des Lukas (lateinisch: Actus apostolorum oder Acta apostolorum \u201eTaten der Apostel\u201c; deutsche Abk\u00fcrzung: Apg, altgriechisch \u03c0\u03c1\u03ac\u03be\u03b5\u03b9\u03c3 \u03b1\u03c0\u03bf\u03c3\u03c4\u03cc\u03bb\u03c9\u03bd) ist ein Buch des Neuen Testaments der christlichen Bibel. Es bildet den zweiten Teil des sogenannten \u201elukanischen Doppelwerkes\u201c, indem es an das Lukasevangelium anschlie\u00dft. Behandelt wird die Gr\u00fcndung der Kirche und die Verbreitung des Christentums im &hellip; <a href=\"https:\/\/www.medianus.at\/bibel\/neues-testament\/apostelgeschichte\/\" class=\"more-link\"><span class=\"screen-reader-text\">&#8222;Apostelgeschichte&#8220; <\/span>weiterlesen<\/a><\/p>\n","protected":false},"author":1,"featured_media":0,"parent":31,"menu_order":0,"comment_status":"closed","ping_status":"closed","template":"","meta":{"footnotes":""},"class_list":["post-328","page","type-page","status-publish","hentry"],"yoast_head":"<!-- This site is optimized with the Yoast SEO plugin v22.9 - https:\/\/yoast.com\/wordpress\/plugins\/seo\/ -->\n<title>Apostelgeschichte - Korrekturen zur Ausgabe medianus 2021<\/title>\n<meta name=\"description\" content=\"\u00c4nderungen in der Apostelgeschichte der Bibelausgabe medianus 2021 gegen\u00fcber der Ausgabe 2019.\" \/>\n<meta name=\"robots\" content=\"index, follow, max-snippet:-1, max-image-preview:large, max-video-preview:-1\" \/>\n<link rel=\"canonical\" href=\"https:\/\/www.medianus.at\/bibel\/neues-testament\/apostelgeschichte\/\" \/>\n<meta property=\"og:locale\" content=\"de_DE\" \/>\n<meta property=\"og:type\" content=\"article\" \/>\n<meta property=\"og:title\" content=\"Apostelgeschichte - Korrekturen zur Ausgabe medianus 2021\" \/>\n<meta property=\"og:description\" content=\"\u00c4nderungen in der Apostelgeschichte der Bibelausgabe medianus 2021 gegen\u00fcber der Ausgabe 2019.\" \/>\n<meta property=\"og:url\" content=\"https:\/\/www.medianus.at\/bibel\/neues-testament\/apostelgeschichte\/\" \/>\n<meta property=\"og:site_name\" content=\"Medianus\" \/>\n<meta property=\"article:modified_time\" content=\"2021-02-03T10:45:01+00:00\" \/>\n<meta property=\"og:image\" content=\"https:\/\/upload.wikimedia.org\/wikipedia\/commons\/thumb\/4\/48\/%D0%94%D0%B5%D1%8F%D0%BD%D0%B8%D1%8F_%D0%90%D0%BF%D0%BE%D1%81%D1%82%D0%BE%D0%BB%D0%BE%D0%B2.jpg\/330px-%D0%94%D0%B5%D1%8F%D0%BD%D0%B8%D1%8F_%D0%90%D0%BF%D0%BE%D1%81%D1%82%D0%BE%D0%BB%D0%BE%D0%B2.jpg\" \/>\n<meta name=\"twitter:card\" content=\"summary_large_image\" \/>\n<meta name=\"twitter:label1\" content=\"Gesch\u00e4tzte Lesezeit\" \/>\n\t<meta name=\"twitter:data1\" content=\"4\u00a0Minuten\" \/>\n<script type=\"application\/ld+json\" class=\"yoast-schema-graph\">{\"@context\":\"https:\/\/schema.org\",\"@graph\":[{\"@type\":\"WebPage\",\"@id\":\"https:\/\/www.medianus.at\/bibel\/neues-testament\/apostelgeschichte\/\",\"url\":\"https:\/\/www.medianus.at\/bibel\/neues-testament\/apostelgeschichte\/\",\"name\":\"Apostelgeschichte - Korrekturen zur Ausgabe medianus 2021\",\"isPartOf\":{\"@id\":\"https:\/\/www.medianus.at\/bibel\/#website\"},\"primaryImageOfPage\":{\"@id\":\"https:\/\/www.medianus.at\/bibel\/neues-testament\/apostelgeschichte\/#primaryimage\"},\"image\":{\"@id\":\"https:\/\/www.medianus.at\/bibel\/neues-testament\/apostelgeschichte\/#primaryimage\"},\"thumbnailUrl\":\"https:\/\/upload.wikimedia.org\/wikipedia\/commons\/thumb\/4\/48\/%D0%94%D0%B5%D1%8F%D0%BD%D0%B8%D1%8F_%D0%90%D0%BF%D0%BE%D1%81%D1%82%D0%BE%D0%BB%D0%BE%D0%B2.jpg\/330px-%D0%94%D0%B5%D1%8F%D0%BD%D0%B8%D1%8F_%D0%90%D0%BF%D0%BE%D1%81%D1%82%D0%BE%D0%BB%D0%BE%D0%B2.jpg\",\"datePublished\":\"2020-12-17T20:48:27+00:00\",\"dateModified\":\"2021-02-03T10:45:01+00:00\",\"description\":\"\u00c4nderungen in der Apostelgeschichte der Bibelausgabe medianus 2021 gegen\u00fcber der Ausgabe 2019.\",\"breadcrumb\":{\"@id\":\"https:\/\/www.medianus.at\/bibel\/neues-testament\/apostelgeschichte\/#breadcrumb\"},\"inLanguage\":\"de\",\"potentialAction\":[{\"@type\":\"ReadAction\",\"target\":[\"https:\/\/www.medianus.at\/bibel\/neues-testament\/apostelgeschichte\/\"]}]},{\"@type\":\"ImageObject\",\"inLanguage\":\"de\",\"@id\":\"https:\/\/www.medianus.at\/bibel\/neues-testament\/apostelgeschichte\/#primaryimage\",\"url\":\"https:\/\/upload.wikimedia.org\/wikipedia\/commons\/thumb\/4\/48\/%D0%94%D0%B5%D1%8F%D0%BD%D0%B8%D1%8F_%D0%90%D0%BF%D0%BE%D1%81%D1%82%D0%BE%D0%BB%D0%BE%D0%B2.jpg\/330px-%D0%94%D0%B5%D1%8F%D0%BD%D0%B8%D1%8F_%D0%90%D0%BF%D0%BE%D1%81%D1%82%D0%BE%D0%BB%D0%BE%D0%B2.jpg\",\"contentUrl\":\"https:\/\/upload.wikimedia.org\/wikipedia\/commons\/thumb\/4\/48\/%D0%94%D0%B5%D1%8F%D0%BD%D0%B8%D1%8F_%D0%90%D0%BF%D0%BE%D1%81%D1%82%D0%BE%D0%BB%D0%BE%D0%B2.jpg\/330px-%D0%94%D0%B5%D1%8F%D0%BD%D0%B8%D1%8F_%D0%90%D0%BF%D0%BE%D1%81%D1%82%D0%BE%D0%BB%D0%BE%D0%B2.jpg\"},{\"@type\":\"BreadcrumbList\",\"@id\":\"https:\/\/www.medianus.at\/bibel\/neues-testament\/apostelgeschichte\/#breadcrumb\",\"itemListElement\":[{\"@type\":\"ListItem\",\"position\":1,\"name\":\"Startseite\",\"item\":\"https:\/\/www.medianus.at\/bibel\/\"},{\"@type\":\"ListItem\",\"position\":2,\"name\":\"Neues Testament\",\"item\":\"https:\/\/www.medianus.at\/bibel\/neues-testament\/\"},{\"@type\":\"ListItem\",\"position\":3,\"name\":\"Apostelgeschichte\"}]},{\"@type\":\"WebSite\",\"@id\":\"https:\/\/www.medianus.at\/bibel\/#website\",\"url\":\"https:\/\/www.medianus.at\/bibel\/\",\"name\":\"Medianus\",\"description\":\"Endzeitbewu\u00dftsein\",\"publisher\":{\"@id\":\"https:\/\/www.medianus.at\/bibel\/#\/schema\/person\/9813ce5b369f8452dc40ce133ead17a7\"},\"potentialAction\":[{\"@type\":\"SearchAction\",\"target\":{\"@type\":\"EntryPoint\",\"urlTemplate\":\"https:\/\/www.medianus.at\/bibel\/?s={search_term_string}\"},\"query-input\":\"required name=search_term_string\"}],\"inLanguage\":\"de\"},{\"@type\":[\"Person\",\"Organization\"],\"@id\":\"https:\/\/www.medianus.at\/bibel\/#\/schema\/person\/9813ce5b369f8452dc40ce133ead17a7\",\"name\":\"Walter Panhuber\",\"image\":{\"@type\":\"ImageObject\",\"inLanguage\":\"de\",\"@id\":\"https:\/\/www.medianus.at\/bibel\/#\/schema\/person\/image\/\",\"url\":\"https:\/\/secure.gravatar.com\/avatar\/ff8326d54d16e623f9e2aeb12289ecab?s=96&d=mm&r=g\",\"contentUrl\":\"https:\/\/secure.gravatar.com\/avatar\/ff8326d54d16e623f9e2aeb12289ecab?s=96&d=mm&r=g\",\"caption\":\"Walter Panhuber\"},\"logo\":{\"@id\":\"https:\/\/www.medianus.at\/bibel\/#\/schema\/person\/image\/\"}}]}<\/script>\n<!-- \/ Yoast SEO plugin. -->","yoast_head_json":{"title":"Apostelgeschichte - Korrekturen zur Ausgabe medianus 2021","description":"\u00c4nderungen in der Apostelgeschichte der Bibelausgabe medianus 2021 gegen\u00fcber der Ausgabe 2019.","robots":{"index":"index","follow":"follow","max-snippet":"max-snippet:-1","max-image-preview":"max-image-preview:large","max-video-preview":"max-video-preview:-1"},"canonical":"https:\/\/www.medianus.at\/bibel\/neues-testament\/apostelgeschichte\/","og_locale":"de_DE","og_type":"article","og_title":"Apostelgeschichte - Korrekturen zur Ausgabe medianus 2021","og_description":"\u00c4nderungen in der Apostelgeschichte der Bibelausgabe medianus 2021 gegen\u00fcber der Ausgabe 2019.","og_url":"https:\/\/www.medianus.at\/bibel\/neues-testament\/apostelgeschichte\/","og_site_name":"Medianus","article_modified_time":"2021-02-03T10:45:01+00:00","og_image":[{"url":"https:\/\/upload.wikimedia.org\/wikipedia\/commons\/thumb\/4\/48\/%D0%94%D0%B5%D1%8F%D0%BD%D0%B8%D1%8F_%D0%90%D0%BF%D0%BE%D1%81%D1%82%D0%BE%D0%BB%D0%BE%D0%B2.jpg\/330px-%D0%94%D0%B5%D1%8F%D0%BD%D0%B8%D1%8F_%D0%90%D0%BF%D0%BE%D1%81%D1%82%D0%BE%D0%BB%D0%BE%D0%B2.jpg"}],"twitter_card":"summary_large_image","twitter_misc":{"Gesch\u00e4tzte Lesezeit":"4\u00a0Minuten"},"schema":{"@context":"https:\/\/schema.org","@graph":[{"@type":"WebPage","@id":"https:\/\/www.medianus.at\/bibel\/neues-testament\/apostelgeschichte\/","url":"https:\/\/www.medianus.at\/bibel\/neues-testament\/apostelgeschichte\/","name":"Apostelgeschichte - Korrekturen zur Ausgabe medianus 2021","isPartOf":{"@id":"https:\/\/www.medianus.at\/bibel\/#website"},"primaryImageOfPage":{"@id":"https:\/\/www.medianus.at\/bibel\/neues-testament\/apostelgeschichte\/#primaryimage"},"image":{"@id":"https:\/\/www.medianus.at\/bibel\/neues-testament\/apostelgeschichte\/#primaryimage"},"thumbnailUrl":"https:\/\/upload.wikimedia.org\/wikipedia\/commons\/thumb\/4\/48\/%D0%94%D0%B5%D1%8F%D0%BD%D0%B8%D1%8F_%D0%90%D0%BF%D0%BE%D1%81%D1%82%D0%BE%D0%BB%D0%BE%D0%B2.jpg\/330px-%D0%94%D0%B5%D1%8F%D0%BD%D0%B8%D1%8F_%D0%90%D0%BF%D0%BE%D1%81%D1%82%D0%BE%D0%BB%D0%BE%D0%B2.jpg","datePublished":"2020-12-17T20:48:27+00:00","dateModified":"2021-02-03T10:45:01+00:00","description":"\u00c4nderungen in der Apostelgeschichte der Bibelausgabe medianus 2021 gegen\u00fcber der Ausgabe 2019.","breadcrumb":{"@id":"https:\/\/www.medianus.at\/bibel\/neues-testament\/apostelgeschichte\/#breadcrumb"},"inLanguage":"de","potentialAction":[{"@type":"ReadAction","target":["https:\/\/www.medianus.at\/bibel\/neues-testament\/apostelgeschichte\/"]}]},{"@type":"ImageObject","inLanguage":"de","@id":"https:\/\/www.medianus.at\/bibel\/neues-testament\/apostelgeschichte\/#primaryimage","url":"https:\/\/upload.wikimedia.org\/wikipedia\/commons\/thumb\/4\/48\/%D0%94%D0%B5%D1%8F%D0%BD%D0%B8%D1%8F_%D0%90%D0%BF%D0%BE%D1%81%D1%82%D0%BE%D0%BB%D0%BE%D0%B2.jpg\/330px-%D0%94%D0%B5%D1%8F%D0%BD%D0%B8%D1%8F_%D0%90%D0%BF%D0%BE%D1%81%D1%82%D0%BE%D0%BB%D0%BE%D0%B2.jpg","contentUrl":"https:\/\/upload.wikimedia.org\/wikipedia\/commons\/thumb\/4\/48\/%D0%94%D0%B5%D1%8F%D0%BD%D0%B8%D1%8F_%D0%90%D0%BF%D0%BE%D1%81%D1%82%D0%BE%D0%BB%D0%BE%D0%B2.jpg\/330px-%D0%94%D0%B5%D1%8F%D0%BD%D0%B8%D1%8F_%D0%90%D0%BF%D0%BE%D1%81%D1%82%D0%BE%D0%BB%D0%BE%D0%B2.jpg"},{"@type":"BreadcrumbList","@id":"https:\/\/www.medianus.at\/bibel\/neues-testament\/apostelgeschichte\/#breadcrumb","itemListElement":[{"@type":"ListItem","position":1,"name":"Startseite","item":"https:\/\/www.medianus.at\/bibel\/"},{"@type":"ListItem","position":2,"name":"Neues Testament","item":"https:\/\/www.medianus.at\/bibel\/neues-testament\/"},{"@type":"ListItem","position":3,"name":"Apostelgeschichte"}]},{"@type":"WebSite","@id":"https:\/\/www.medianus.at\/bibel\/#website","url":"https:\/\/www.medianus.at\/bibel\/","name":"Medianus","description":"Endzeitbewu\u00dftsein","publisher":{"@id":"https:\/\/www.medianus.at\/bibel\/#\/schema\/person\/9813ce5b369f8452dc40ce133ead17a7"},"potentialAction":[{"@type":"SearchAction","target":{"@type":"EntryPoint","urlTemplate":"https:\/\/www.medianus.at\/bibel\/?s={search_term_string}"},"query-input":"required name=search_term_string"}],"inLanguage":"de"},{"@type":["Person","Organization"],"@id":"https:\/\/www.medianus.at\/bibel\/#\/schema\/person\/9813ce5b369f8452dc40ce133ead17a7","name":"Walter Panhuber","image":{"@type":"ImageObject","inLanguage":"de","@id":"https:\/\/www.medianus.at\/bibel\/#\/schema\/person\/image\/","url":"https:\/\/secure.gravatar.com\/avatar\/ff8326d54d16e623f9e2aeb12289ecab?s=96&d=mm&r=g","contentUrl":"https:\/\/secure.gravatar.com\/avatar\/ff8326d54d16e623f9e2aeb12289ecab?s=96&d=mm&r=g","caption":"Walter Panhuber"},"logo":{"@id":"https:\/\/www.medianus.at\/bibel\/#\/schema\/person\/image\/"}}]}},"_links":{"self":[{"href":"https:\/\/www.medianus.at\/bibel\/wp-json\/wp\/v2\/pages\/328"}],"collection":[{"href":"https:\/\/www.medianus.at\/bibel\/wp-json\/wp\/v2\/pages"}],"about":[{"href":"https:\/\/www.medianus.at\/bibel\/wp-json\/wp\/v2\/types\/page"}],"author":[{"embeddable":true,"href":"https:\/\/www.medianus.at\/bibel\/wp-json\/wp\/v2\/users\/1"}],"replies":[{"embeddable":true,"href":"https:\/\/www.medianus.at\/bibel\/wp-json\/wp\/v2\/comments?post=328"}],"version-history":[{"count":7,"href":"https:\/\/www.medianus.at\/bibel\/wp-json\/wp\/v2\/pages\/328\/revisions"}],"predecessor-version":[{"id":652,"href":"https:\/\/www.medianus.at\/bibel\/wp-json\/wp\/v2\/pages\/328\/revisions\/652"}],"up":[{"embeddable":true,"href":"https:\/\/www.medianus.at\/bibel\/wp-json\/wp\/v2\/pages\/31"}],"wp:attachment":[{"href":"https:\/\/www.medianus.at\/bibel\/wp-json\/wp\/v2\/media?parent=328"}],"curies":[{"name":"wp","href":"https:\/\/api.w.org\/{rel}","templated":true}]}}